-55
Evaluate (-130 - (1 + 5 + 46 + -66)) + 10.
-106
15 - ((16 - 10) + -19 - -33)
-5
What is 16 - (18 + (4 + -2 - 6) + -7)?
9
What is the value of -34 - -69 - (1 + 5 + (-25 - -10 - -8))?
36
What is -6 - (14 + (-17 - -4) + -1) - 12?
-18
Evaluate (-1 - (1 + -48)) + 13271 + -13272.
45
Calculate -1 - (-42 + 70 + 63).
-92
Evaluate (-18 - ((0 - 3) + -2)) + (-336 - -354).
5
What is the value of (-7 + -2 + 6 - 6) + (16 - 11) + -63?
-67
Calculate (-73 - -3) + -28 + -10 + 44 - 3.
-67
What is the value of 40 + (4 - (-8 + 11) - (-133 - -153))?
21
What is the value of -32 + 14 + 4 + (19 - 3)?
2
What is -1 + 5 + 2270 + -2262?
12
What is (-67 - (34 - 71)) + (4 + 1 + -8 - 0)?
-33
Evaluate -8 + -66 + 31 + 12 + 30.
-1
What is -167 + 317 + -245 - (1 + -10)?
-86
(71 - 38) + 61 - 20 - 22
52
(-10 + 9 - 0) + -29 + 18 + 1
-11
Evaluate -5 - 1 - (-13926 - -13969).
-49
Evaluate (5 + (-30 + 12 - (11 + -18)) - 1) + 63.
56
What is -136 - (24 - 57) - -26 - (9 + 1 + -1)?
-86
What is 3 + (-59 + 87 - (14 - -2))?
15
Calculate (-3656 - -3661) + (86 + (3 - (-2 - -4)) - -2).
94
What is the value of (7 - (4 + -5 + (7 - (0 + -2)))) + 1?
0
Evaluate 27 + -45 + 123 + -52.
53
What is -30 + (-13 + 14 + 38 - 21)?
-12
164 + -12 + -104 - 121
-73
What is the value of 142 + 32 + (35 - (97 - 5))?
117
What is (46 - -62 - 97) + -2?
9
Evaluate -10 + (-80 - (-158 - -12)).
56
What is -18 + -15 + 17 + 0 + -1?
-17
Calculate 14411 + -14419 - (1 + (-128 - -2)).
117
What is -43 - (-3 + (16 - -11) + -10 - 19)?
-38
Evaluate -12 + 17 + (10 - (5 + (-3 - 2))) - 15.
0
Calculate (3046 - 3045) + (-2 - (30 + 2)).
-33
What is 4 + -1 - (-67 - -50 - (1 + -18) - -21)?
-18
Evaluate 5 + 6 + 18 - (-2 + 2 - 3 - -12).
20
Calculate -1 + -30 + 96 + (-8 - 133).
-76
What is the value of 1 - (-27 + 0) - (-5965 - -5907)?
86
(-55 - (16 - 4) - 12) + 142 + -135
-72
(-15 - -27 - 65) + (14 - 23)
-62
Calculate 29 - (74 + -73 + 139).
-111
-32 + 85 - -3 - -20
76
Evaluate 12 + -9 + -15 + 25 + -8 + -1 + -35.
-31
What is (-58 + 87 - -84) + -60?
53
What is 1 + 0 + 13 - (-905 - -940) - -7?
-14
What is -42 - ((-7 - (22 - 7)) + (-17 - -47))?
-50
Evaluate -45 + (1 - (2 + -3 + 2) - (3618 - 3609)).
-54
What is the value of -42 - (11 - (25 + -54 + 54))?
-28
-48 - (98 - 139) - ((3 - -1) + -1)
-10
3 + 14 - (2 + -33 + (15 - -6))
27
(81 - 35) + -48 - (-2 + (-88 - -8))
80
Calculate (-10 - (1 + 2)) + (13 - (-71 - (19 - -4))).
94
Calculate 81 + -68 + 6 + (30 - 1).
48
What is the value of 2 + 118 + -8 - (711 - 712)?
113
Calculate (-4 - (3 + 46)) + (64 - (-52 - -115)).
-52
-1 + -12 + (115 - (-2 + 123))
-19
What is (-13 - (-3 + -9 - -3)) + (4 + -5 - -61)?
56
-29 + (9 - 2) + 49
27
13 - ((63 - 32 - 69) + 3)
48
Evaluate -72 + 132 + -4 - 48.
8
What is the value of -1 - 9 - (20 + (-56 - (-30 - -6)))?
2
What is the value of -642 - -618 - (1 + -34)?
9
Calculate 7 - (-12 - -24 - 12) - 4 - (2 + -40).
41
Calculate (6 - 0) + 135 + -145 + 5 + 43.
44
What is 4 - 44 - (591 - 629)?
-2
Evaluate -115 - ((-6 - (-4 - 10 - (1 + -13))) + 0).
-111
Calculate (25 + -145 - -99) + -1 + -11.
-33
-3 + (246 - 262 - (-5 + -50))
36
Evaluate 64 - (-30 + 0 - (1468 - 1501)).
61
Evaluate 43 + -2 + -3770 + 3829.
100
102 - ((-4 - (3 - -7 - (54 + -23))) + -12)
97
What is the value of (-109 - -103) + 7 + -4 + 9 + -84?
-78
Calculate (13 + (-17 - -6) - 14) + 17 + -43.
-38
Evaluate 96 - ((14 - -4) + -18 - -26).
70
What is the value of 17 + 64 + -113 + 110?
78
Evaluate -61 + (-28 + 0 - (922 + -924)).
-87
Calculate (8 + (-8 - 5) + -12 - -10) + -10 + -11.
-28
Evaluate -10 + 19 + (-63 - 2) + (1 - 1) + 4.
-52
Evaluate 107 + (-218 - -73) - -96.
58
-42 + (6 - -2 - (156 + -195))
5
Calculate 2 - 32 - (-107 + 97).
-20
What is the value of -10 + 41 + -84 + 116?
63
What is the value of -11 + -2 - ((-75 - (-5 + 0)) + 60 + -51)?
48
Calculate -7 + (46 - -5) + 3 + -4 + 3 + -1.
45
What is the value of -7 - (4 + (5 + -8 - 0) + -51)?
43
Calculate (10 + -7 + -3 - (14 - 23)) + 29.
38
-32 + -57 - (33 - 61)
-61
Calculate 36 - (-8 + (-1 - -12 - (-39 - -33))).
27
Evaluate 1 - -18 - (-25 - ((3 + 8 - -1) + -26)).
30
Calculate -4 - -142 - ((79 - 29) + -12).
100
What is 30 + -28 + (-107 - -142)?
37
83 + -27 + -62 + -43
-49
Calculate (15 - -45 - 42) + -47.
-29
What is the value of -18 + 3 + (31 - 15) + -41?
-40
Calculate -108 + 147 + -53 + -85 + -1.
-100
What is the value of -1 + 26 + 572 + -588 + (112 - -1)?
122
What is -20 + (13 - ((-9 - 4) + 30))?
-24
-2 + 2 - (227 - 272)
45
Evaluate 16 + 50 + -89 + 70.
47
What is 61 + -75 + 71 + -113?
-56
What is 2 + -4 + -3 - (-35 - -18) - -48?
60
Calculate 39 + -32 + (-6 + -36 - (-10 - -11)).
-36
-1950 - -1904 - (0 + (-1 + -2 + 7 - 1))
-49
What is the value of -221 + -30 + 200 - (37 + 1)?
-89
What is 68 - (23 - (-1 + 2 - -7))?
53
Calculate 9 - (-3 + 20) - 13 - -65.
44
What is the value of -239 + 131 + 17 + 61?
-30
39 + -3 - (58 - -50)
-72
0 + -21 + (187 - 115 - 79)
-28
Evaluate 11 - (-18 - (-12 - (22 - 6))).
1
Evaluate (28 - 5) + (-129 - -147).
41
Calculate (-89 + 68 - (-12 - (-6 + 3))) + 83.
71
Evaluate -14 + -6 + 2 + -13 + 0 + 12.
-19
Calculate 3 + 1 + 15 + -9 + 33 - -9.
52
Calculate (-26 + (3 - -10) - -24 - 56) + 7.
-38
431 + -403 + -13 + -5 + 8 + 3
21
(5 + -1 - 9) + -5 - (-155 + 17)
128
What is the value of -27 + (1 - (-25 + -43)) + (16 - (-1 + 3))?
56
121 + -28 - ((-2 - -13) + 8 + -16) - -12
102
Calculate -67 - (-226 + -83 + 192).
50
Calculate -43 + (44 - 56) - (20 + -1).
-74
What is -24 + (26 - 51 - -50)?
1
What is -1569 + 1479 - (-4 + -141)?
55
Calculate 94 + -98 - (19 - (5 - 5)).
-23
Evaluate -16 - ((-14 - (6 + 18)) + 11) - 143.
-132
Calculate 12 - 0 - (11 - ((5 - -4) + (9 - 12))).
7
Calculate 15 + (-6 + (-3 - -17) - (0 + 2)).
21
What is the value of 6 + 32 + (9 - -13)?
60
Calculate 40 - (18 - -27 - 9) - 15.
-11
34 + (-44 - (-13 - 18))
21
What is 2655 + -2638 + (-30 - -1) + 0 - 7?
-19
What is the value of 48 + 43 + (-69 - -4)?
26
Evaluate 139 + -237 - -90 - (1 - 77).
68
Calculate -38 + 14 - (-188 - -212).
-48
What is 5 + -2 - (1 - (30 - (5 + (3 - 10))))?
34
Evaluate -33 - (-25 - (2 + 4) - -79).
-81
14 - (-24 + -7 + 7 + (-17 - -12 - -13))
30
Evaluate (7 - -52) + 13 + -20 + 1 + -4 + 9.
58
What is -52 + -1 + -6332 + 6419?
34
What is the value of 1 + (-1 - 6) - (62 + -96 + 41)?
-13
-10 - (-8 - (0 + -10 - (-2 + 76))) - -1
-85
What is the value of -61 - (25 - (6 + -7 - 4 - -13))?
-78
-14 + 8 + -25 + (-1 - -15) + -3 - -12
-8
What is -29 + (18 - (2 + 21 - 15))?
-19
What is the value of -18 - (21 - (-2 + 6))?
-35
Calculate 84 - 172 - -175 - (1 + -2 - -21).
67
What is -9 + -39 + -17 + 29?
-36
What is (6 + -1 - 28) + 0 + -30 + 19?
-34
-83 + (99 - (129 - 65))
-48
Evaluate 1 - -29 - (-28 - (6 - (15 - -19))).
30
What is the value of 1 - 3 - (13 - -15 - 16)?
-14
What is the value of -29 + (5 - (-22 + -20))?
18
Calculate 13 + (-21 - (7 + (-20 - (7 + 16)))).
28
0 + 1 - (0 - 74) - (-85 + -85 - -179)
66
Evaluate 32 + (52 - 24) - 42.
18
-12 + 42 + -18 + 3 + 21
36
What is the value of -6 + 6 + (-1 - 6) + -23 + (-58 - -85)?
-3
What is 7 + (-536 - -534) + (-3 + -100 + 2 - 3)?
-99
Calculate -4 - 4 - (-10 + 6) - 7 - (-99 - 59).
147
Evaluate -34 + (-418 - -405 - ((-1 - 0) + -11)).
-35
What is 2 + (-9 - (1 + (-1 - 5))) + (-12 - -17)?
3
What is the value of -170 + 167 - (-4 - (15 - (0 - (-4 - -4))))?
16
What is (-1 - 38 - 0) + -1 - (10 + (-148 - -134))?
-36
What is 12 + (0 - (-3 - 0) - (89 - 86) - 16)?
-4
-52 + 0 - (-41 - 15)
4
What is (-7 + 7 - 23) + 41?
18
Calculate 3 + 28 - (-4 + -84 + 99).
20
Evaluate 2 + (-53 - (-32 + -12 + -2 + 34)).
-39
23 + (-46 + 95 + -37 - (3 + -33))
65
What is 50 + (7 - 48) + 3 + 1 + 34?
47
Evaluate 31 + 16 + 5 + -3 + (-447 - -439).
41
Evaluate 87 - (42 + (-30 - -8)) - 4.
63
What is -89 + -3 + -12 - -12?
-92
24 - 1 - (-737 + 797)
-37
-3 + (3 - -8) - 44 - (-15 - (-14 - 4))
-39
(-103 - 2) + (4 - (3 + 3)) - (-1399 + 1394)
-102
Evaluate (15 - 85 - -42) + 18 + 0 + -112 + -1.
-123
Calculate 9 + -2 + 3 + 5 + -8 + 12 + -20.
-1
Calculate -89 - (-130 - 6) - 126.
-79
What is -54 + (27 + -8 + -21 - (11 + -1))?
-66
Evaluate -1 + -61 + (33 - (28 - 5 - -12)).
-64
What is the value of 4 + (-6 + -4 - 9) + 8 + 23?
16
Evaluate 5 - (26 + -2 - (0 + 2 - -4)).
-13
Evaluate 34 + 47 + 4 - 38.
47
105 + -102 + -10 + (3 - -7)
3
Calculate -97 - (69 + -114 + 36).
-88
Evaluate -1530 - -1564 - (1 - 4).
37
